lculate the remainder when 8561 is divided by 1706.
31
What is the remainder when 142843 is divided by 82?
81
What is the remainder when 1490 is divided by 1241?
249
What is the remainder when 117616 is divided by 29?
21
What is the remainder when 130148 is divided by 403?
382
What is the remainder when 3318 is divided by 561?
513
Calculate the remainder when 4218 is divided by 66.
60
What is the remainder when 13787 is divided by 41?
11
What is the remainder when 4434 is divided by 1044?
258
What is the remainder when 738258 is divided by 246079?
21
Calculate the remainder when 38788 is divided by 93.
7
What is the remainder when 48485 is divided by 112?
101
What is the remainder when 8752 is divided by 1241?
65
Calculate the remainder when 12052 is divided by 188.
20
Calculate the remainder when 46146 is divided by 71.
67
What is the remainder when 8585 is divided by 714?
17
Calculate the remainder when 697093 is divided by 52.
33
Calculate the remainder when 5707 is divided by 42.
37
What is the remainder when 213329 is divided by 28?
25
Calculate the remainder when 3307 is divided by 132.
7
What is the remainder when 12146 is divided by 320?
306
What is the remainder when 657 is divided by 524?
133
What is the remainder when 2894 is divided by 377?
255
Calculate the remainder when 24262 is divided by 363.
304
What is the remainder when 256852 is divided by 39?
37
What is the remainder when 10010 is divided by 47?
46
What is the remainder when 1478 is divided by 568?
342
Calculate the remainder when 4641 is divided by 19.
5
What is the remainder when 839 is divided by 115?
34
What is the remainder when 84931 is divided by 145?
106
What is the remainder when 39005 is divided by 197?
196
Calculate the remainder when 2141422 is divided by 144.
142
What is the remainder when 4416 is divided by 292?
36
What is the remainder when 17382 is divided by 1931?
3
What is the remainder when 152064 is divided by 152062?
2
Calculate the remainder when 161 is divided by 77.
7
Calculate the remainder when 58017 is divided by 29004.
9
Calculate the remainder when 19759 is divided by 6559.
82
Calculate the remainder when 21404 is divided by 133.
124
Calculate the remainder when 2102157 is divided by 95.
92
Calculate the remainder when 212123 is divided by 106042.
39
What is the remainder when 15829 is divided by 37?
30
Calculate the remainder when 41807 is divided by 20897.
13
Calculate the remainder when 123666 is divided by 15453.
42
What is the remainder when 8252 is divided by 18?
8
Calculate the remainder when 30883 is divided by 213.
211
Calculate the remainder when 7499 is divided by 27.
20
What is the remainder when 1964 is divided by 59?
17
What is the remainder when 369870 is divided by 27?
24
Calculate the remainder when 7517 is divided by 7437.
80
What is the remainder when 4914 is divided by 1627?
33
What is the remainder when 33391 is divided by 257?
238
Calculate the remainder when 272887 is divided by 29.
26
Calculate the remainder when 1658392 is divided by 1177.
1176
What is the remainder when 385161 is divided by 304?
297
What is the remainder when 204543 is divided by 47?
46
What is the remainder when 229051 is divided by 23?
17
What is the remainder when 20477 is divided by 1373?
1255
Calculate the remainder when 494358 is divided by 2978.
10
Calculate the remainder when 10539863 is divided by 2616.
2615
What is the remainder when 586461 is divided by 50?
11
What is the remainder when 605 is divided by 83?
24
Calculate the remainder when 2619 is divided by 13.
6
Calculate the remainder when 19415 is divided by 8.
7
What is the remainder when 22346 is divided by 950?
496
What is the remainder when 2463 is divided by 137?
134
Calculate the remainder when 25181 is divided by 53.
6
Calculate the remainder when 88835 is divided by 488.
19
What is the remainder when 17532 is divided by 626?
4
Calculate the remainder when 12339 is divided by 66.
63
Calculate the remainder when 10692 is divided by 4.
0
What is the remainder when 8494 is divided by 30?
4
Calculate the remainder when 3225 is divided by 739.
269
What is the remainder when 318779 is divided by 1012?
1011
What is the remainder when 697395 is divided by 13?
10
Calculate the remainder when 6242658 is divided by 19.
18
Calculate the remainder when 5062 is divided by 5061.
1
Calculate the remainder when 304280 is divided by 9.
8
Calculate the remainder when 84899 is divided by 20.
19
Calculate the remainder when 455665 is divided by 257.
4
Calculate the remainder when 394998 is divided by 158.
156
Calculate the remainder when 710138 is divided by 32.
26
What is the remainder when 508668 is divided by 9?
6
Calculate the remainder when 18611 is divided by 18597.
14
What is the remainder when 2031 is divided by 30?
21
What is the remainder when 3891 is divided by 1854?
183
Calculate the remainder when 1039 is divided by 30.
19
What is the remainder when 276416 is divided by 68?
64
What is the remainder when 8446 is divided by 79?
72
Calculate the remainder when 10507 is divided by 1738.
79
Calculate the remainder when 811 is divided by 779.
32
What is the remainder when 200067 is divided by 21?
0
What is the remainder when 53854 is divided by 66?
64
What is the remainder when 387 is divided by 26?
23
What is the remainder when 370619 is divided by 290?
289
Calculate the remainder when 19918 is divided by 711.
10
Calculate the remainder when 10344 is divided by 702.
516
Calculate the remainder when 1752 is divided by 196.
184
Calculate the remainder when 118325 is divided by 26.
25
Calculate the remainder when 23033 is divided by 11503.
27
What is the remainder when 356 is divided by 93?
77
Calculate the remainder when 100567 is divided by 3352.
7
Calculate the remainder when 56852 is divided by 331.
251
Calculate the remainder when 24379 is divided by 146.
143
Calculate the remainder when 104787 is divided by 14.
11
Calculate the remainder when 1510398 is divided by 320.
318
Calculate the remainder when 1845390 is divided by 33.
30
Calculate the remainder when 32025 is divided by 465.
405
Calculate the remainder when 54170 is divided by 531.
8
What is the remainder when 43648 is divided by 14548?
4
What is the remainder when 4538 is divided by 348?
14
Calculate the remainder when 11998 is divided by 129.
1
Calculate the remainder when 11641 is divided by 164.
161
What is the remainder when 21399 is divided by 1262?
1207
What is the remainder when 5456 is divided by 1313?
204
What is the remainder when 3438 is divided by 246?
240
What is the remainder when 1121 is divided by 235?
181
What is the remainder when 7502 is divided by 2394?
320
What is the remainder when 3834 is divided by 239?
10
What is the remainder when 67255 is divided by 77?
34
What is the remainder when 30755 is divided by 15365?
25
Calculate the remainder when 5395 is divided by 1256.
371
What is the remainder when 31277 is divided by 651?
29
What is the remainder when 290622 is divided by 32?
30
What is the remainder when 430 is divided by 163?
104
What is the remainder when 28745 is divided by 4041?
458
Calculate the remainder when 4586 is divided by 148.
146
What is the remainder when 1832191 is divided by 544?
543
Calculate the remainder when 42327 is divided by 168.
159
Calculate the remainder when 32398 is divided by 599.
52
Calculate the remainder when 6687 is divided by 16.
15
What is the remainder when 27059 is divided by 2704?
19
Calculate the remainder when 388577 is divided by 825.
2
What is the remainder when 549247 is divided by 17?
11
Calculate the remainder when 476446 is divided by 163.
160
Calculate the remainder when 164971 is divided by 3365.
86
Calculate the remainder when 3117 is divided by 68.
57
What is the remainder when 21771 is divided by 18?
9
What is the remainder when 17549 is divided by 308?
301
Calculate the remainder when 13107 is divided by 4359.
30
Calculate the remainder when 7579 is divided by 172.
11
Calculate the remainder when 9772 is divided by 1952.
12
What is the remainder when 10230 is divided by 1447?
101
Calculate the remainder when 26632 is divided by 8874.
10
Calculate the remainder when 372201 is divided by 28.
25
Calculate the remainder when 61293 is divided by 20345.
2